 = -q. Suppose -2*f + 14 = 2*y, -2*y + 7*y + 2*f = h. What is the units digit of y?
1
Let j = 3 - 8. What is the units digit of ((-8)/j)/4*10?
4
Suppose -2*v + 123 - 33 = 0. What is the tens digit of v?
4
Let d(s) be the first derivative of -2 + 1/2*s**2 + 4*s + 1/3*s**3. What is the units digit of d(0)?
4
Suppose 1 = -2*f - 3*k, 5*f + 4 = -2*k - 15. Let g be (2 - (-7)/f)*5. Suppose 2*t + 8 = g*t. What is the units digit of t?
8
Let m(r) = -r**2 - 6*r + 8. Let i be m(-8). Let a(l) = l**2 + 9*l + 8. Let o be a(i). Suppose 2*b = -5*n + 3*n + 16, o = 2*b + 10. What is the units digit of n?
3
Let m(r) be the first derivative of r**4/4 - 5*r**3/3 - 3*r**2 + 2*r - 1. What is the units digit of m(6)?
2
Let o = 0 - 2. What is the tens digit of 116/12 - o/6?
1
Let s(r) = r**2 + 4*r + 3. Let v be s(-3). Suppose y - 16 = -v*y. What is the tens digit of y?
1
Let p = -127 + 194. What is the units digit of p?
7
Let f be 8/3 - (-4)/12. Suppose m - 26 = -5*b - f*m, b - 1 = -5*m. What is the units digit of b?
6
Let q = -8 - 0. Let o = q - -8. Suppose o = -4*m + m + 48. What is the tens digit of m?
1
Let l = 7 + -7. Suppose k - 3 = l, 0*t - t + 5*k = 13. What is the units digit of t?
2
Suppose -3*s + 6 = -0, 5*s = -2*p + 18. Suppose 20 = -p*x + 128. What is the tens digit of x?
2
Let z(t) = -t**3 + 9*t**2 - 5*t - 17. Let q be 5/(-20) - (-99)/12. What is the units digit of z(q)?
7
Let d = -28 + 183. What is the tens digit of d?
5
Let r = -4 - -3. Let i = r + 1. Suppose 2*n - 8 = -2*n + 3*c, i = -3*n + 2*c + 6. What is the units digit of n?
2
Suppose -84 - 60 = -4*y. What is the units digit of y?
6
Suppose -4*z + 4 + 0 = 0. Let j = -2 - -4. Let o = z + j. What is the units digit of o?
3
Let z be ((-15)/(-10))/((-3)/4). What is the units digit of (3/z)/(3/(-10))?
5
Suppose 7*g - 4*g - 72 = 0. Suppose 1 + g = 5*n. What is the units digit of n?
5
Let v(l) = l**2 - l. Let f(k) = -2*k**2 - 5*k + 5. Let c(o) = -f(o) - 3*v(o). Let q be ((-12)/7)/(12/(-42)). What is the units digit of c(q)?
7
Let i(y) = 2*y**2 + 18*y - 8. What is the units digit of i(-13)?
6
Suppose 0 = t - 3*b - 46, -2*b = -0*b + 8. What is the units digit of t?
4
Suppose -4*j + 133 = 3*n, -4*n - 57 = 3*j - 4*j. Suppose -4*c + 27 + j = 0. What is the tens digit of c?
1
Let v = 46 - 5. What is the tens digit of v?
4
Let k(h) = h**3 - 2*h**2 + h + 2. Let y be k(2). Suppose -4*b - 16 + 48 = -y*n, 4*n - 5*b + 29 = 0. Let o = n + 20. What is the units digit of o?
9
Let a be (-1 - (2 - 3))/2. Suppose a*h + 2*h = 2. Let g(l) = 6*l - 1. What is the units digit of g(h)?
5
Let q(j) = 6*j. Let u(n) = n**2 - 6*n + 4. Let k be u(5). Let z be q(k). What is the units digit of -4 - -2 - 0 - z?
4
Suppose 3*d = 2*b + 406, 0*d + 5*b - 685 = -5*d. What is the tens digit of d?
3
Suppose b - 40 = -4*z - b, 7 = z + 2*b. What is the tens digit of z?
1
Let c be 2 - 6/9*-3. Suppose -c*x + 61 + 7 = 0. What is the tens digit of x?
1
Let c = -6 - -4. What is the units digit of -2 - (1*-7 - c)?
3
Let a = 18 - -61. What is the tens digit of a?
7
Suppose -5*x = -15, 3*h - 5*x - 1 = -4. Suppose -2*z = -h*z + 2*m + 36, 0 = 3*m. What is the units digit of z?
8
Let c = -2 + 7. Suppose 4*y + c*r = -15 - 65, -y - 5*r = 5. Let k = 40 + y. What is the units digit of k?
5
Suppose -2*j + 3 = -w, -5*w - 15 = 5*j - j. Suppose -4 = r - 2*g - j*g, 3*r + 3*g - 15 = 0. What is the units digit of r?
2
Let f = -6 - -10. Suppose d = f*l - 53, 0 = -3*d - 2 - 1. What is the tens digit of l?
1
Suppose 4*s = 3*s + 2. Suppose 3*x = t + 8, 0 = 2*x + s*x - 5*t - 7. What is the units digit of x?
3
Let t(j) be the second derivative of j**5/20 - 5*j**4/12 - j**3/6 + j**2 - 2*j. Let r be t(5). What is the units digit of 4/(-3)*r/2?
2
Let l = -418 + 671. What is the tens digit of l?
5
Let o = -1 + 4. Let c(z) = -z**3 + 4*z**2 - 4*z. Let s be c(o). Let p = 4 + s. What is the units digit of p?
1
Let j(h) be the third derivative of -h**7/2520 + h**6/90 - h**5/24 + h**4/12 + h**2. Let l(t) be the second derivative of j(t). What is the units digit of l(6)?
7
Suppose -28 - 77 = -5*b. Suppose 0 = -d - 5*n - 6, 3*d - 12 - b = 2*n. What is the units digit of d?
9
Suppose -v - 9 = -3*k + v, 4*k = 3*v + 12. Suppose c - k + 1 = 0. What is the tens digit of ((-77)/21)/(c/(-12))?
2
Let m = -8 + 31. What is the tens digit of m?
2
Let r = 115 - -61. What is the tens digit of r?
7
Suppose -2*v + 4*v - 92 = 0. Let w be (-215)/10 - 2/(-4). What is the tens digit of v/3 + 7/w?
1
Let w(t) = -13*t**3 - t**2 + t + 1. Suppose -4*x = 20, 2*d + 3*x = -2*d - 19. What is the tens digit of w(d)?
1
Let d = -27 - -38. What is the tens digit of d?
1
Suppose 2*x + 33 = -x. Let y = 2 - x. What is the tens digit of y?
1
Suppose 174 = 3*a - w, 3*a + a = -5*w + 251. Let q = a - 42. What is the tens digit of q?
1
Let x(z) = z**2 + 5*z - 6. Let i be x(-5). Let y(o) = -o**2 - o + 4. Let p be y(4). What is the units digit of i/(-4)*p/(-6)?
4
Let s = 14 + -9. Suppose -8 - 12 = -s*z. Suppose z*p - 8 = -3*b, 2*b - 21 = -3*b + p. What is the units digit of b?
4
Let r(w) = -w**3 + 7*w**2 - 5*w. Let a be r(6). Suppose -a = -0*z - 2*z. What is the units digit of z?
3
Let s(z) = z**2 + 3*z. Let f be s(-3). Suppose 29 = -4*n + 5*c, f*n + 3*n - 4*c + 23 = 0. What is the units digit of (-1)/n*24/4?
6
Suppose 0 = 3*j + 113 + 331. What is the units digit of j/(-28) + 4/(-14)?
5
Let j(h) = h + 10. Let d = 2 - 9. Let p be j(d). Suppose p*u - u + 15 = 3*l, -5*l + 25 = 3*u. What is the units digit of l?
5
Let o = -72 + 107. What is the units digit of o?
5
Let i be 3/4 - (-3)/12. Let m be 2*i - (1 - 3). What is the units digit of 1*4*2/m?
2
Suppose -w + 11 = 2*w + x, 5*x = w + 23. What is the tens digit of w*31*5/10?
3
Let m be 15/5 - (0 - -1). Suppose 3*b = -i - 2*i + 6, -m*i = -5*b + 17. Suppose b*g + 6 + 4 = 2*q, -3*q - g = -4. What is the units digit of q?
2
Suppose 4*d = -5*a - 3, -4*d + 6 = 2*a - 0. Suppose -d*o = -y - 6, -5*o + y - 6*y = -10. Suppose -8 = -o*w + 16. What is the units digit of w?
2
Let l(o) be the first derivative of o**2/2 + 5*o - 2. Let v be l(0). Suppose 2 - 67 = -v*y. What is the tens digit of y?
1
Let l(z) = -2*z. Let j be l(1). What is the units digit of (-11)/j + (-6)/12?
5
Let p(x) = -2*x**2 - 3*x. Let u be p(-3). Let m = u - -13. What is the tens digit of m/14 - (-82)/7?
1
Suppose q = -5*a + 671, -2*a - 5*q = -46 - 227. What is the units digit of a?
4
Let n = -7 + 7. Suppose n = -m + 3*m - 8. What is the units digit of m?
4
Suppose -2*r - 14 = -4*z, z + 0*z = 2*r + 2. Let y be (-436)/(-16) - 1/z. Suppose y = 2*u + 9. What is the units digit of u?
9
Suppose 5*j + 69 - 354 = 0. Suppose 3*v - 5*o - 103 = -34, -4*v = 5*o - j. What is the tens digit of v?
1
Suppose -5*d - 3*n + 2*n + 191 = 0, 5*n - 43 = -d. What is the tens digit of d?
3
Suppose 2*z = h + 3, 0*z - 8 = -2*z. Suppose -w + x = -4*x + 17, 25 = h*w - 3*x. What is the units digit of w?
8
Let m = 0 - -4. Suppose -m*k + 17 = 41. Let o = k + 11. What is the units digit of o?
5
Suppose 1017 = 3*f + 273. What is the hundreds digit of f?
2
Let h = -66 - -112. What is the tens digit of h?
4
Let a = -59 + 109. What is the units digit of a?
0
Let q(t) = -t**3 - 5*t**2 + 3*t. Let a be q(-4). What is the tens digit of 8/a + 382/14?
2
Let z = -4 - -3. Let b(a) = 27*a**2 + 2*a + 1. What is the units digit of b(z)?
6
Suppose -568 = -5*k - 2*h, 2*k = -h + 268 - 41. What is the hundreds digit of k?
1
Let d(l) = -2*l + 2. Let c(t) = t**2 - 10*t - 13. Let r be c(11). What is the units digit of d(r)?
6
Suppose -13*l = -9*l - 548. What is the units digit of l?
7
Let j(u) = 2*u**2 + u + 5. Let p be j(-4). Suppose 0 = 2*a - a - p. What is the units digit of a?
3
Let v be -6*(-3)/(-18)*-2. Suppose v = d - 1. Suppose 0 = -x + 3*x - 4, d*k - 21 = -3*x. What is the units digit of k?
5
Let v(h) be the second derivative of -h**5/60 - h**4/3 + 7*h**3/6 - h**2/2 - h. Let j(b) be the first derivative of v(b). What is the units digit of j(-8)?
7
Suppose -4*y = f - 25, 0 = -4*f + 4. Suppose 4*l = 5*l - y. What is the units digit of l?
6
Let v(s) = -s**3 + 13*s**2 - s - 16. What is the units digit of v(11)?
5
Suppose 0 = 4*u - 5*n - 30, 2*u + 3*n = -2*n. Let f(j) = -u*j**2 - j**3 + j + 2*j + 3*j - 2*j - 7. What is the units digit of f(-6)?
5
Let b(s) = -4*s + 5. L